
Suppose -2*f + 176 = -4*d, f + 0*d - 91 = 3*d. Does 5 divide f?
False
Suppose h - 4*h = -162. Let s = h + -20. Is 12 a factor of s?
False
Let a(p) = p**3 - 7*p**2 + 7*p - 1. Let r be a(6). Suppose m + 108 = -r*t, 2*t - 241 = 2*m - 73. Let l = m + 140. Is 17 a factor of l?
False
Let z = 194 - 125. Suppose 0 = 2*b - 3*b - 2*f + z, 69 = b - 3*f. Let w = -31 + b. Is w a multiple of 19?
True
Suppose -10*n = -6*n - 256. Is n a multiple of 16?
True
Let z(t) = t**3 - t**2 - t - 10. Let x be z(0). Let r = -9 - x. Suppose 0 = 2*l - r - 35. Does 9 divide l?
True
Let p(x) be the first derivative of -x**2 + x + 2. Let i be p(-3). Let t = 2 + i. Is t a multiple of 4?
False
Let r be (-15)/6*6/5. Is (111 + 2 - r)/2 a multiple of 16?
False
Let z(o) = -21*o. Let l(i) = -10*i. Let s(n) = 13*l(n) - 6*z(n). Let h(t) = -t**3 + 7*t**2 - 8*t + 7. Let r be h(6). Is s(r) a multiple of 10?
True
Suppose 4 = y - 1. Suppose 39 = p + y*i, -3*i - 75 = -3*p - 4*i. Is 17 a factor of p?
False
Let k(f) = -f + 12. Let w be 2/(-6)*0*1. Let s be k(w). Suppose 3*d = 4*d - s. Is d a multiple of 12?
True
Suppose 4*i = -3*o + 388, 4*o + 0*o - 522 = -3*i. Is 12 a factor of o?
True
Let b = -73 + 102. Suppose -m = -1 - b. Does 17 divide m?
False
Let s = -153 + 223. Is s a multiple of 14?
True
Is 3 a factor of (-24)/(-42) - 17/(-7)?
True
Suppose -2*o - 4*m = -32, -2*m = 5*o + 3*m - 100. Let a = o - 13. Is 3 a factor of a?
False
Let q(s) = 2*s**3 - 4*s**2 + 10*s - 3. Does 14 divide q(3)?
False
Let g(t) = -6*t - 10. Suppose 3*i + 1 = 2*n, 2*n - 4*n - 4 = -2*i. Does 11 divide g(n)?
False
Suppose -4*g + 0*g = 5*k - 2, 5*g + 5*k = 0. Let v = g + 4. Suppose 0 = v*i - 4*i + 22. Is i a multiple of 11?
True
Let v(h) = -2*h + 3*h - 3*h - h - 14. Is 4 a factor of v(-6)?
True
Let z be ((-6)/4)/(2/120). Let f be (z/8)/(12/(-32)). Suppose -5*i + 0*i = -f. Is 6 a factor of i?
True
Let r(j) = j**3 - 8*j**2 + 7*j + 4. Let v be r(7). Let z(l) = -l**2 + 7*l - 2. Is z(v) a multiple of 5?
True
Is 29 a factor of 3/(-7) - (-170)/70 - -201?
True
Let l = -3 + 5. Suppose 0 = -5*o - 3*r + 6, 0 = o - l*r - 3*r + 10. Suppose o = 2*x - 1 - 11. Does 3 divide x?
True
Let t(s) = -s**2 - 10*s + 2. Let u be t(-11). Let v = 57 + u. Does 24 divide v?
True
Does 6 divide 2/(-4) + (-63)/(-6)?
False
Suppose 2*b = 5*b - 165. Let c = -37 + b. Does 5 divide c?
False
Let g(i) = -19*i + 1. Let h(w) = 13*w + 4. Let c(m) = -m + 1. Let n(d) = -5*c(d) + h(d). Let s(o) = 5*g(o) + 6*n(o). Is s(3) a multiple of 22?
False
Does 52 divide (140/(-30))/((-4)/66)?
False
Let b = 6 - 2. Suppose -5*v + b*v + 51 = 0. Is v a multiple of 17?
True
Let v(m) be the third derivative of m**5/20 - 5*m**4/24 - m**3/3 + 10*m**2. Does 22 divide v(-4)?
True
Let f(n) = -n**3 - 12*n**2 + 7*n - 14. Is f(-14) a multiple of 15?
False
Suppose p = -2*p + 156. Suppose 0 = 4*h - 48 - p. Does 8 divide h?
False
Let a(j) be the second derivative of -j**3/6 - j**2/2 + 3*j. Let o be a(-3). Suppose -2*y - 4*f = -38, 3*y - 82 = -o*f + f. Is 16 a factor of y?
False
Suppose 0 = 3*m + 4*j + j - 71, -5*m = -2*j - 77. Is 12 a factor of m?
False
Let m be (9/(-12))/(2/(-48)). Does 5 divide 24/m*(-12)/(-2)?
False
Suppose 0 = -2*h + 5*o + 73, -2*h = -h + 4*o - 56. Let a = -16 + h. Does 14 divide a?
True
Let r = -11 - -19. Suppose 4*k + 5*h = -r, 0*k - k + 5*h + 23 = 0. Is 11 a factor of k - -19*(-2 - -3)?
True
Suppose 0 = 4*w - 6*w + 36. Is 9 a factor of w?
True
Suppose 23*s = 24*s - 12. Is s a multiple of 12?
True
Suppose -3*w = 2*l + 2*w - 153, -2*l - w + 149 = 0. Is l a multiple of 12?
False
Suppose 22 = z + 4*k, 3*k = 4*k + 2. Is z a multiple of 20?
False
Let r = 29 - 10. Suppose -r = -2*l + 17. Suppose -3*i = -39 - l. Is 10 a factor of i?
False
Suppose n - 4 - 4 = 0. Let l = n - 11. Does 21 divide 3*-1*(-14 + l)?
False
Let j = 4 - 3. Suppose -3 - j = -4*h. Let v = 1 + h. Is 2 a factor of v?
True
Suppose w - 14 = 5*p - 34, p - 4*w = 23. Suppose 5*g - 20 = 0, 2*g + 4 = 5*c - p. Suppose c*o + 3*x - 94 = -2*x, -41 = -2*o + x. Is o a multiple of 8?
False
Let l = 22 + -16. Let k(j) = j**3 + j + 2. Let d be k(0). Let f = l - d. Is 4 a factor of f?
True
Suppose -5*u - l + 91 = -2*u, -4*l = u - 23. Does 13 divide u?
False
Is 6 a factor of (1 - 5) + (-74)/(-2)?
False
Suppose 29 = 3*h - 10. Let s(k) = -k**3 + 3*k**2 - 2*k. Let i be s(2). Suppose 2*f - 5*j - h = i, 16 + 6 = 5*f - 2*j. Is f a multiple of 2?
True
Let i(j) be the second derivative of j**3/2 + 2*j**2 - j. Let t be i(-3). Let k(a) = -a**2 - 6*a - 2. Is k(t) a multiple of 2?
False
Suppose -14*u + 361 = -2019. Is 9 a factor of u?
False
Let a = -49 - -85. Let w be (-220)/(-6)*a/15. Suppose 5*u = 2*v - w, 0 = v - 4*u + 16 - 66. Does 14 divide v?
False
Let r(d) = 14*d - 4. Does 9 divide r(3)?
False
Let q(m) = -8*m + 2. Let b be 18/(-8) + 2/8. Let g be q(b). Suppose g = i + 3. Does 15 divide i?
True
Suppose -373 = -r - z, 2*r - z - 740 = -0*r. Is 53 a factor of r?
True
Suppose 4*d + 4*n - 1443 = 3*n, 357 = d + n. Let i be d/10 + 2/(-10). Suppose 2*l + r - 28 = -4, i = 3*l - 5*r. Is 10 a factor of l?
False
Let g be 0*1/(-3) - -182. Suppose -g = -4*x - 62. Is x a multiple of 10?
True
Suppose 0 = 3*h + 2*h - 15. Let u(c) = 2*c**3 + c**2 - c + 3*c - 4*c**2 - h. Is u(2) a multiple of 2?
False
Let r be (0/(1 + -2))/2. Suppose 0 = 5*l - 5*q - 30, 2*q + 20 = 3*l - r. Is l a multiple of 4?
True
Let o(v) = 2*v**3 + 5*v**2 - 4*v - 1. Suppose -5*a = 9 + 11. Let f be o(a). Let u = f + 54. Is u a multiple of 13?
False
Suppose v + 5*x + 241 = 3*v, 5*v - 3*x = 631. Is 32 a factor of v?
True
Let n be 0/2 - (-6 - 9). Suppose 2*k = -k - n. Is 8 a factor of 2/1 - (k - 1)?
True
Suppose q + 3*q = 12, 4*q = p + 13. Let t(z) = -22*z**3 - z**2 + 1. Is t(p) a multiple of 7?
False
Let f(c) = -5*c - 5. Let d be f(-5). Suppose 0 = -3*q + 22 + d. Does 7 divide q?
True
Suppose 0 = 4*t - 3*y - 43, -4 = -2*t - 0*y - 2*y. Is 3 a factor of t?
False
Let f = 10 - -101. Does 8 divide f?
False
Is ((-75)/(-10))/((-6)/(-80)) a multiple of 13?
False
Let i(j) = j**2 - 2*j - 3. Let w = 7 - 4. Suppose 3*r - 6 = 0, -2*y + w*r + 2 + 2 = 0. Is 10 a factor of i(y)?
False
Suppose 5*v - 3*v = 4*l - 24, v = 5*l - 24. Is 3 a factor of l?
False
Let q(g) = -22*g - 10. Is q(-4) a multiple of 15?
False
Let r(k) = k**2 + 2*k - 3. Let y = 7 - 5. Let m be r(y). Suppose -4*u + 19 = 5*i - u, 7 = m*i - u. Is 2 a factor of i?
True
Let y = -2 - -4. Suppose -3*d - 306 = -5*v, 3*v + v - 244 = y*d. Does 17 divide v?
False
Let f = 17 + -35. Let v = 88 - 46. Let s = f + v. Does 12 divide s?
True
Let o = 7 + -7. Suppose o = 3*p + 3*x, 4*x = 2*p - 2 - 16. Is 2 a factor of p?
False
Let h(m) = -m**3 - 7*m**2 - 8*m - 9. Is 2 a factor of h(-6)?
False
Let d(p) = p**2 + 11*p + 13. Let m be d(-10). Suppose -o - m*o = -76. Does 11 divide o?
False
Let a(m) = m**3 + m**2 + 3*m - 2. Let t be a(2). Let y = t + -56. Is 16 a factor of (-192)/40*y/6?
True
Let f = 9 + 5. Suppose 3*p = p + f. Is 7 a factor of p?
True
Let d(r) = -r - 3. Let b be d(-5). Suppose 9 = w - b. Let y = w - -5. Does 8 divide y?
True
Let n(h) = -10*h**2 - h - 1. Let v be n(-1). Let i = v + 27. Does 6 divide i?
False
Let o = -131 - -200. Does 29 divide o?
False
Let k = -6 - -9. Does 13 divide (-36 - k)*3/(-3)?
True
Let j = 26 - 5. Is 21 a factor of j?
True
Let y(a) = a**2 + 10*a + 4. Let o be y(-9). Let q(c) = -c**2 - 6*c + 6. Is q(o) a multiple of 5?
False
Let v = 27 + 23. Is v a multiple of 5?
True
Let g(a) = -8*a + 2. Is 29 a factor of g(-7)?
True
Let y(j) = -6*j**3 + 4*j**2 - 2*j - 2. Let x be y(2). Let c = x - -71. Is 14 a factor of c?
False
Suppose -119 - 37 = -3*v. Does 13 divide (v/(-6))/(10/(-15))?
True
Let l(f) = -f**2 - 4*f. Let n be l(-3). Suppose j = n - 6. Is 4 a factor of 1/j + 102/9?
False
Let h(z) = 2*z**2 + 6*z - 16. Is 20 a factor of h(-6)?
True
Is 13 a factor of (9/(-6))/((-18)/156)?
True
Let m = -6 - -17. Is m a multiple of 11?
True
Suppose -5*v - 8 = -23. Does 3 divide v?
True
Let x(o) = 9 - o**2 - 13 + 13*o - o. Does 8 divide x(10)?
True
Let i be (-17 - -18) + 1 + 2. Suppose 13 = -i*k + 25. Is 2 a factor of k?
False
Suppose -3*p = 4*o - 46, -p - 2*o = -14 - 4. Suppose 4 = s - p. Does 14 divide s?
True
Let u(j) = 7*j**2 + 2 - 1 + 1 + j**3 + 7*j. Let d be u(-5). Suppose -m - 2*x + 16 = 0, -2*x - 27 - d = -4*m. Does 8 divide m?